In base 14, what is 574 + -37?
53b
In base 4, what is 10 + -12122220?
-12122210
In base 9, what is 283 - -118?
412
In base 5, what is 22244442 + 4?
22300001
In base 5, what is 3141 + -22133?
-13442
In base 6, what is -32 - 10041?
-10113
In base 10, what is 1 - 34682?
-34681
In base 5, what is 4 + -321312?
-321303
In base 13, what is 40 - -1124?
1164
In base 14, what is b4 + -b3a?
-a66
In base 5, what is 4 + 13043310?
13043314
In base 6, what is -421 + -32?
-453
In base 10, what is -4452 + -3?
-4455
In base 15, what is -810 - 244?
-a54
In base 8, what is 1 - -17704?
17705
In base 11, what is 17520 - 0?
17520
In base 11, what is -8a5 + 742?
-163
In base 10, what is -118047 - -1?
-118046
In base 12, what is -1a4 + 7?
-199
In base 2, what is 10010001111100010 + 10?
10010001111100100
In base 4, what is -121212013 - 10?
-121212023
In base 6, what is 450 + -1110?
-220
In base 15, what is 1 - -2b6e?
2b70
In base 11, what is 331 - 60?
281
In base 3, what is -212110211 - 120?
-212111101
In base 12, what is -44b + 447?
-4
In base 3, what is 0 - 210101000?
-210101000
In base 13, what is 1584 + -45?
153c
In base 3, what is 10 - 121020222220?
-121020222210
In base 3, what is 1202002211122 - -12?
1202002211211
In base 11, what is -3 - -12978?
12975
In base 2, what is 11011001 - -11011?
11110100
In base 11, what is -313446 + -4?
-31344a
In base 9, what is 2 + -12721?
-12718
In base 12, what is 23 - -384b?
3872
In base 11, what is 0 + 8a564?
8a564
In base 14, what is -1a9 - -57?
-152
In base 5, what is 22 - -11343?
11420
In base 4, what is -10210202 - -13?
-10210123
In base 6, what is 33 + -20215?
-20142
In base 2, what is 101110010000 + 10000?
101110100000
In base 11, what is -66549 + 10?
-66539
In base 6, what is -524 + 554?
30
In base 8, what is -16622 + -31?
-16653
In base 6, what is -220544 + 5?
-220535
In base 15, what is -a + -b9339?
-b9344
In base 14, what is -96cd - 3?
-96d2
In base 8, what is -215646 + -4?
-215652
In base 6, what is -14 + 45022?
45004
In base 9, what is -2 + 2806754?
2806752
In base 5, what is 424020 + 0?
424020
In base 2, what is 10001011000 - -1001011100?
11010110100
In base 12, what is 13 - 2b11?
-2aba
In base 8, what is -436 + -3271?
-3727
In base 7, what is -5 + 16666?
16661
In base 14, what is 85b - 5?
856
In base 16, what is 7ef70 - -6?
7ef76
In base 7, what is -512 + 14066?
13254
In base 12, what is -61188 - -4?
-61184
In base 10, what is 14619 + -5?
14614
In base 13, what is -502248 - -2?
-502246
In base 4, what is -312 - -1002?
30
In base 11, what is -15 + 640?
626
In base 5, what is -221122 - -1204?
-214413
In base 5, what is 12112012 - -3?
12112020
In base 10, what is -1631 - -402?
-1229
In base 6, what is -3145523 + -3?
-3145530
In base 11, what is -2 + 743992?
743990
In base 8, what is -5303 + -674?
-6177
In base 2, what is -10000010 + 1100110100?
1010110010
In base 7, what is -151 + 21401?
21220
In base 4, what is -1213 - 32101?
-33320
In base 3, what is -10002210201 - -12?
-10002210112
In base 7, what is -3000 - 225?
-3225
In base 7, what is -104033 + 3?
-104030
In base 9, what is -143103 - -3?
-143100
In base 16, what is 77 - -483?
4fa
In base 7, what is -12 + -3511333?
-3511345
In base 13, what is -3b4 + 27b?
-136
In base 5, what is 1044 - 243?
301
In base 15, what is 50 + -66c?
-61c
In base 15, what is -2d + 123?
e5
In base 4, what is 2030 - -1130321?
1133011
In base 15, what is e98 + -18d?
d0a
In base 14, what is -1940 + -1d4?
-1b34
In base 4, what is -1131121 - -3230?
-1121231
In base 8, what is 12111 - 153?
11736
In base 14, what is -197142 - 3?
-197145
In base 9, what is -84 - 5755?
-5850
In base 15, what is -19ac8 - 0?
-19ac8
In base 11, what is 35 - 2a26?
-29a1
In base 15, what is 5 + 19d1?
19d6
In base 5, what is -4 + 140020?
140011
In base 12, what is -22 - -46b5?
4693
In base 5, what is -110112410 + 2?
-110112403
In base 14, what is a7c1 + 6?
a7c7
In base 11, what is -61 + 866?
805
In base 2, what is -11101 + -100100010011111011?
-100100010100011000
In base 13, what is -b9 + 166?
7a
In base 4, what is -11210 + -231311?
-303121
In base 5, what is 22231440 + -10?
22231430
In base 15, what is c - -6b1a?
6b27
In base 2, what is -11100000010110100 + 11?
-11100000010110001
In base 12, what is -6260 - -45?
-6217
In base 14, what is -27 - -575?
54c
In base 6, what is 5013445 - -4?
5013453
In base 9, what is 14250 + 0?
14250
In base 9, what is -3 + -47615?
-47618
In base 7, what is -11 - -55300?
55256
In base 2, what is -11010 + -111110000100111011?
-111110000101010101
In base 13, what is -3 - b7534?
-b7537
In base 4, what is -3 + 10221312100?
10221312031
In base 12, what is 10 + -358b3?
-358a3
In base 14, what is 61066 - -12?
61078
In base 14, what is -b1 - 15c8?
-1699
In base 13, what is 335916 + -3?
335913
In base 10, what is -47 - 5209?
-5256
In base 11, what is 3 - 28359?
-28356
In base 9, what is 31 - 233?
-202
In base 2, what is -10 + 111100001?
111011111
In base 6, what is 51414 + 10?
51424
In base 7, what is -55112 + 4?
-55105
In base 6, what is -523 - 2032?
-2555
In base 4, what is -2332103310 + 3?
-2332103301
In base 15, what is c - 529?
-51c
In base 2, what is -11010001110101 + -101?
-11010001111010
In base 12, what is -21820 - 0?
-21820
In base 13, what is 2 - -1409?
140b
In base 8, what is 3 - 10773?
-10770
In base 10, what is 4 - 41805?
-41801
In base 15, what is eae + 1?
eb0
In base 7, what is -14 + -16560?
-16604
In base 13, what is -3c - c67?
-ca6
In base 6, what is 4055 - -11?
4110
In base 6, what is 234 - -1250?
1524
In base 15, what is 39 + 7715?
774e
In base 2, what is 11 + -10010100111100000?
-10010100111011101
In base 5, what is -1 + -1440323?
-1440324
In base 8, what is -44761 + -4?
-44765
In base 4, what is 11 + 231033023?
231033100
In base 9, what is -27 + -40665?
-40703
In base 6, what is 1 - -1133042?
1133043
In base 2, what is 10 + 111100010110100101?
111100010110100111
In base 9, what is 15 - -724430?
724445
In base 7, what is 3610 + -4?
3603
In base 3, what is 2010200 + 1212?
2012112
In base 2, what is -110100110011001100 + 0?
-110100110011001100
In base 9, what is 111436 + 50?
111486
In base 11, what is 49a6a - 4?
49a66
In base 14, what is -311 + -552?
-863
In base 4, what is 13212 - -201312?
221130
In base 11, what is -28 - 13814?
-13841
In base 13, what is -5a + -17b57?
-17bb4
In base 16, what is -8 + -1eb6?
-1ebe
In base 6, what is -33534 + 25?
-33505
In base 4, what is -2013310 - -21223?
-1332021
In base 4, what is 2102303 - -2?
2102311
In base 8, what is 66 - -256273?
256361
In base 9, what is 335 - 88?
236
In base 5, what is 2 + -23103?
-23101
In base 5, what is 201314 + -10?
201304
In base 4, what is 23 + 2100302?
2100331
In base 13, what is 36 - 5cc?
-596
In base 3, what is 10 - 2220011010?
-2220011000
In base 4, what is 0 + 1001210222?
1001210222
In base 8, what is 4456 + 665?
5343
In base 15, what is 357 + 1be?
526
In base 13, what is 5 + -416417?
-416412
In base 6, what is -13022301 - -4?
-13022253
In base 11, what is 4 + 5977?
5980
In base 2, what is 1001111001010010 + 0?
1001111001010010
In base 3, what is -2012022020001 - -1?
-2012022020000
In base 7, what is 512 + 1630?
2442
In base 11, what is -14138 + 220?
-13a18
In base 12, what is -a61 + 32?
-a2b
In base 9, what is 28820 + -2?
28817
In base 11, what is 3a + 88?
117
In base 11, what is 24a6 - -347?
2842
In base 15, what is 4 - -a6a61?
a6a65
In base 3, what is 221000 - 12010112?
-11012112
In base 15, what is -127c6 + 2?
-127c4
In base 15, what is 4 - -22c?
231
In base 13, what is -137 - -183?
49
In base 6, what is -1252 + 1243?
-5
In base 10, what is -4635 + 746?
-3889
In base 16, what is 7f1e + 43?
7f61
In base 12, what is 3 - -5428?
542b
In base 8, what is -3074222 + -3?
-3074225
In base 15, what is -1198 + 163?
-1035
In base 15, what is 4 - -1665e5?
1665e9
In base 7, what is 46 + -350301?
-350222
In base 6, what is 213354 + 152?
213550
In base 4, what is 1001301202 - 13?
1001301123
In base 16, what is 5a01 + -14?
59ed
In base 13, what is -40 + 129?
b9
In base 2, what is -10010110 - -1010100?
-1000010
In base 6, what is -32152 + 114?
-32034
In base 4, what is -1010 + 1210210?
1203200
In base 2, what is 10101111 - -1000110001?
1011100000
In base 11, what is 87068a + -5?
870685
In base 12, what is -5 + 6320?
63